{"id":1097,"date":"2024-02-22T12:00:38","date_gmt":"2024-02-22T11:00:38","guid":{"rendered":"https:\/\/new.softtenis.cz\/?page_id=1097"},"modified":"2026-01-29T16:01:43","modified_gmt":"2026-01-29T15:01:43","slug":"kalendar-turnaju","status":"publish","type":"page","link":"https:\/\/www.softtenis.cz\/index.php\/kalendar-turnaju\/","title":{"rendered":"Kalend\u00e1\u0159 turnaj\u016f"},"content":{"rendered":"\t\t<div data-elementor-type=\"wp-page\" data-elementor-id=\"1097\" class=\"elementor elementor-1097\">\n\t\t\t\t\t\t<section class=\"elementor-section elementor-top-section elementor-element elementor-element-ac8518d elementor-section-full_width animated-fast elementor-section-height-default elementor-section-height-default elementor-invisible\" data-id=\"ac8518d\" data-element_type=\"section\" data-settings=\"{&quot;background_background&quot;:&quot;classic&quot;,&quot;animation&quot;:&quot;fadeIn&quot;,&quot;animation_delay&quot;:0}\">\n\t\t\t\t\t\t\t<div class=\"elementor-background-overlay\"><\/div>\n\t\t\t\t\t\t\t<div class=\"elementor-container elementor-column-gap-default\">\n\t\t\t\t\t<div class=\"elementor-column elementor-col-100 elementor-top-column elementor-element elementor-element-5baeb19\" data-id=\"5baeb19\" data-element_type=\"column\" data-settings=\"{&quot;background_background&quot;:&quot;classic&quot;}\">\n\t\t\t<div class=\"elementor-widget-wrap\">\n\t\t\t\t\t\t\t<\/div>\n\t\t<\/div>\n\t\t\t\t\t<\/div>\n\t\t<\/section>\n\t\t<div class=\"elementor-element elementor-element-1debdca animated-slow e-flex e-con-boxed elementor-invisible e-con e-parent\" data-id=\"1debdca\" data-element_type=\"container\" data-settings=\"{&quot;animation&quot;:&quot;fadeIn&quot;,&quot;animation_delay&quot;:0}\" data-core-v316-plus=\"true\">\n\t\t\t\t\t<div class=\"e-con-inner\">\n\t\t\t\t<div class=\"elementor-element elementor-element-97a041a elementor-widget elementor-widget-text-editor\" data-id=\"97a041a\" data-element_type=\"widget\" data-widget_type=\"text-editor.default\">\n\t\t\t\t<div class=\"elementor-widget-container\">\n\t\t\t<style>\/*! elementor - v3.20.0 - 20-03-2024 *\/\n.elementor-widget-text-editor.elementor-drop-cap-view-stacked .elementor-drop-cap{background-color:#69727d;color:#fff}.elementor-widget-text-editor.elementor-drop-cap-view-framed .elementor-drop-cap{color:#69727d;border:3px solid;background-color:transparent}.elementor-widget-text-editor:not(.elementor-drop-cap-view-default) .elementor-drop-cap{margin-top:8px}.elementor-widget-text-editor:not(.elementor-drop-cap-view-default) .elementor-drop-cap-letter{width:1em;height:1em}.elementor-widget-text-editor .elementor-drop-cap{float:left;text-align:center;line-height:1;font-size:50px}.elementor-widget-text-editor .elementor-drop-cap-letter{display:inline-block}<\/style>\t\t\t\t<h4>P\u0159edb\u011b\u017en\u00fd kalend\u00e1\u0159 \u010desk\u00fdch turnaj\u016f pro rok 2026<\/h4>\n<p>10.01.2026&nbsp; &nbsp; Novoro\u010dn\u00ed turnaj &#8211; Hav\u00ed\u0159ov (II. t\u0159\u00edda)<\/p>\n<p>14.03.2026&nbsp; &nbsp; The First Czech Soft Tennis Indoor &#8211; Praha (II. t\u0159\u00edda)<\/p><p>11.04.2026<span style=\"font-size: 1rem;\">&nbsp; &nbsp;<\/span><span style=\"font-size: 1rem;\">&nbsp;Velikono\u010dn\u00ed turnaj \u2013 Hav\u00ed\u0159ov (<\/span><span style=\"font-size: 1rem;\">II. t\u0159\u00edda<\/span><span style=\"font-size: 1rem; font-style: inherit; font-weight: inherit;\">)<\/span><\/p>\n<p>Z\u00e1\u0159\u00ed 2026&nbsp; &nbsp; &nbsp; &nbsp; \u017di\u017ekovsk\u00e9 pink\u00e1n\u00ed &#8211; \u010cesk\u00e9 Bud\u011bjovice (II. t\u0159\u00edda)<\/p>\n<p>10.10.2026&nbsp; &nbsp; 17. Mistrovstv\u00ed \u010cesk\u00e9 Republiky v&nbsp;softtenise &#8211; Hav\u00ed\u0159ov (I. t\u0159\u00edda)<\/p>\t\t\t\t\t\t<\/div>\n\t\t\t\t<\/div>\n\t\t\t\t\t<\/div>\n\t\t\t\t<\/div>\n\t\t<div class=\"elementor-element elementor-element-0060468 animated-slow e-flex e-con-boxed elementor-invisible e-con e-parent\" data-id=\"0060468\" data-element_type=\"container\" data-settings=\"{&quot;animation&quot;:&quot;fadeIn&quot;,&quot;animation_delay&quot;:0}\" data-core-v316-plus=\"true\">\n\t\t\t\t\t<div class=\"e-con-inner\">\n\t\t\t\t<div class=\"elementor-element elementor-element-1e6198c elementor-widget elementor-widget-text-editor\" data-id=\"1e6198c\" data-element_type=\"widget\" data-widget_type=\"text-editor.default\">\n\t\t\t\t<div class=\"elementor-widget-container\">\n\t\t\t\t\t\t\t<h4>P\u0159edb\u011b\u017en\u00fd kalend\u00e1\u0159 mezin\u00e1rodn\u00edch turnaj\u016f pro rok 2026<\/h4><p>03.07. &#8211; 05.07.2026\u00a0 \u00a0 The 19th POLAND CUP International Soft Tennis Tournament, Ksi\u0105\u017cenice, Polsko<\/p><p>10.07. &#8211; 14.07.2026\u00a0 \u00a0 1st European and American Championship Brazil, Sao Paulo, Braz\u00edlie<\/p><p>08.08. &#8211; 11.08.2026\u00a0 \u00a0 International High School Championship Japan, Kj\u00f3to, Japonsko<\/p><p>21.08. &#8211; 23.08.2026\u00a0 \u00a0 18th European Soft Tennis Championships, Hav\u00ed\u0159ov, \u010cesk\u00e1 Republika<\/p><p>Listopad 2026\u00a0 \u00a0 \u00a0 \u00a0 \u00a0 \u00a0 \u00a0Mistrovstv\u00ed sv\u011bta junior\u016f do 21 let v&nbsp;\u010c\u00edn\u011b, Wuchan, \u010c\u00edna<\/p>\t\t\t\t\t\t<\/div>\n\t\t\t\t<\/div>\n\t\t\t\t\t<\/div>\n\t\t\t\t<\/div>\n\t\t<div class=\"elementor-element elementor-element-8714ed4 animated-slow e-flex e-con-boxed elementor-invisible e-con e-parent\" data-id=\"8714ed4\" data-element_type=\"container\" data-settings=\"{&quot;animation&quot;:&quot;fadeIn&quot;,&quot;animation_delay&quot;:0}\" data-core-v316-plus=\"true\">\n\t\t\t\t\t<div class=\"e-con-inner\">\n\t\t\t\t<div class=\"elementor-element elementor-element-0073877 elementor-widget elementor-widget-text-editor\" data-id=\"0073877\" data-element_type=\"widget\" data-widget_type=\"text-editor.default\">\n\t\t\t\t<div class=\"elementor-widget-container\">\n\t\t\t\t\t\t\t<h4>Kalend\u00e1\u0159 \u010desk\u00fdch turnaj\u016f pro rok 2025<\/h4><p>18.01.2025\u00a0 \u00a0 Novoro\u010dn\u00ed turnaj &#8211; Hav\u00ed\u0159ov (II. t\u0159\u00edda)<\/p><p>15.03.2025\u00a0 \u00a0 The First Czech Soft Tennis Indoor &#8211; Praha (II. t\u0159\u00edda)<\/p><p>06.09.2025\u00a0 \u00a0 \u017di\u017ekovsk\u00e9 pink\u00e1n\u00ed &#8211; \u010cesk\u00e9 Bud\u011bjovice (II. t\u0159\u00edda)<\/p><p>11.10.2025\u00a0 \u00a0 16. Mistrovstv\u00ed \u010cesk\u00e9 Republiky v&nbsp;softtenise &#8211; Hav\u00ed\u0159ov (I. t\u0159\u00edda)<\/p>\t\t\t\t\t\t<\/div>\n\t\t\t\t<\/div>\n\t\t\t\t\t<\/div>\n\t\t\t\t<\/div>\n\t\t<div class=\"elementor-element elementor-element-820994c animated-slow e-flex e-con-boxed elementor-invisible e-con e-parent\" data-id=\"820994c\" data-element_type=\"container\" data-settings=\"{&quot;animation&quot;:&quot;fadeIn&quot;,&quot;animation_delay&quot;:0}\" data-core-v316-plus=\"true\">\n\t\t\t\t\t<div class=\"e-con-inner\">\n\t\t\t\t<div class=\"elementor-element elementor-element-14ec919 elementor-widget elementor-widget-text-editor\" data-id=\"14ec919\" data-element_type=\"widget\" data-widget_type=\"text-editor.default\">\n\t\t\t\t<div class=\"elementor-widget-container\">\n\t\t\t\t\t\t\t<h4>Kalend\u00e1\u0159 mezin\u00e1rodn\u00edch turnaj\u016f pro rok 2025<\/h4><p>16.03. &#8211; 22.03.2025\u00a0 \u00a0 2nd India International Soft Tennis Championship (Uttar Pradesh, Indie)<\/p><p>16.06. &#8211; 23.06.2025\u00a0 \u00a0 Nonghyup Bank Incheon Korea Cup Soft Tennis Tournament (Incheon, Korea)<\/p><p>23.06. &#8211; 01.07.2025\u00a0 \u00a0 Sunchang Open Soft Tennis Tournament (Sunchang, Korea)<\/p><p>04.07. &#8211; 06.07.2025\u00a0 \u00a0 The 18th POLAND CUP International Soft Tennis Tournament, Ksi\u0105\u017cenice, Polsko<\/p><p>15.08. &#8211; 17.08.2025\u00a0 \u00a0 17th European Soft Tennis Championships, Hav\u00ed\u0159ov, \u010cesk\u00e1 Republika<\/p>\t\t\t\t\t\t<\/div>\n\t\t\t\t<\/div>\n\t\t\t\t\t<\/div>\n\t\t\t\t<\/div>\n\t\t\t\t<\/div>\n\t\t","protected":false},"excerpt":{"rendered":"<p>P\u0159edb\u011b\u017en\u00fd kalend\u00e1\u0159 \u010desk\u00fdch turnaj\u016f pro rok 2026&nbsp;10.01.2026&nbsp; &nbsp; Novoro\u010dn\u00ed turnaj &#8211; Hav\u00ed\u0159ov (II. t\u0159\u00edda) 14.03.2026&nbsp; &nbsp; The First Czech [&hellip;]<\/p>\n","protected":false},"author":1,"featured_media":0,"parent":0,"menu_order":0,"comment_status":"closed","ping_status":"closed","template":"","meta":{"site-sidebar-layout":"no-sidebar","site-content-layout":"","ast-site-content-layout":"full-width-container","site-content-style":"default","site-sidebar-style":"default","ast-global-header-display":"","ast-banner-title-visibility":"","ast-main-header-display":"","ast-hfb-above-header-display":"","ast-hfb-below-header-display":"","ast-hfb-mobile-header-display":"","site-post-title":"disabled","ast-breadcrumbs-content":"","ast-featured-img":"disabled","footer-sml-layout":"","theme-transparent-header-meta":"","adv-header-id-meta":"","stick-header-meta":"","header-above-stick-meta":"","header-main-stick-meta":"","header-below-stick-meta":"","astra-migrate-meta-layouts":"default","ast-page-background-enabled":"default","ast-page-background-meta":{"desktop":{"background-color":"var(--ast-global-color-4)","background-image":"","background-repeat":"repeat","background-position":"center center","background-size":"auto","background-attachment":"scroll","background-type":"","background-media":"","overlay-type":"","overlay-color":"","overlay-gradient":""},"tablet":{"background-color":"","background-image":"","background-repeat":"repeat","background-position":"center center","background-size":"auto","background-attachment":"scroll","background-type":"","background-media":"","overlay-type":"","overlay-color":"","overlay-gradient":""},"mobile":{"background-color":"","background-image":"","background-repeat":"repeat","background-position":"center center","background-size":"auto","background-attachment":"scroll","background-type":"","background-media":"","overlay-type":"","overlay-color":"","overlay-gradient":""}},"ast-content-background-meta":{"desktop":{"background-color":"var(--ast-global-color-5)","background-image":"","background-repeat":"repeat","background-position":"center center","background-size":"auto","background-attachment":"scroll","background-type":"","background-media":"","overlay-type":"","overlay-color":"","overlay-gradient":""},"tablet":{"background-color":"var(--ast-global-color-5)","background-image":"","background-repeat":"repeat","background-position":"center center","background-size":"auto","background-attachment":"scroll","background-type":"","background-media":"","overlay-type":"","overlay-color":"","overlay-gradient":""},"mobile":{"background-color":"var(--ast-global-color-5)","background-image":"","background-repeat":"repeat","background-position":"center center","background-size":"auto","background-attachment":"scroll","background-type":"","background-media":"","overlay-type":"","overlay-color":"","overlay-gradient":""}},"footnotes":""},"_links":{"self":[{"href":"https:\/\/www.softtenis.cz\/index.php\/wp-json\/wp\/v2\/pages\/1097"}],"collection":[{"href":"https:\/\/www.softtenis.cz\/index.php\/wp-json\/wp\/v2\/pages"}],"about":[{"href":"https:\/\/www.softtenis.cz\/index.php\/wp-json\/wp\/v2\/types\/page"}],"author":[{"embeddable":true,"href":"https:\/\/www.softtenis.cz\/index.php\/wp-json\/wp\/v2\/users\/1"}],"replies":[{"embeddable":true,"href":"https:\/\/www.softtenis.cz\/index.php\/wp-json\/wp\/v2\/comments?post=1097"}],"version-history":[{"count":61,"href":"https:\/\/www.softtenis.cz\/index.php\/wp-json\/wp\/v2\/pages\/1097\/revisions"}],"predecessor-version":[{"id":2758,"href":"https:\/\/www.softtenis.cz\/index.php\/wp-json\/wp\/v2\/pages\/1097\/revisions\/2758"}],"wp:attachment":[{"href":"https:\/\/www.softtenis.cz\/index.php\/wp-json\/wp\/v2\/media?parent=1097"}],"curies":[{"name":"wp","href":"https:\/\/api.w.org\/{rel}","templated":true}]}}